{"id":33,"date":"2024-12-30T14:27:13","date_gmt":"2024-12-30T13:27:13","guid":{"rendered":"https:\/\/www.vestral.sk\/peter-stavbar\/?page_id=33"},"modified":"2026-01-20T08:42:26","modified_gmt":"2026-01-20T07:42:26","slug":"o-mne","status":"publish","type":"page","link":"https:\/\/www.stavbarpeter.sk\/?page_id=33","title":{"rendered":"O mne"},"content":{"rendered":"\n<div class=\"wp-block-group alignfull has-background is-layout-flow wp-block-group-is-layout-flow\" style=\"background:radial-gradient(rgb(245,234,193) 0%,rgb(255,255,255) 85%);padding-top:6vw;padding-right:6vw;padding-bottom:6vw;padding-left:6vw\">\n<div class=\"wp-block-group is-vertical is-nowrap is-layout-flex wp-container-core-group-is-layout-36fd9ea3 wp-block-group-is-layout-flex\" style=\"padding-right:0;padding-left:0\">\n<p class=\"has-text-color\" style=\"color:#000000;font-size:6vw;font-style:normal;font-weight:700;letter-spacing:0px;line-height:0.9;text-decoration:none;text-transform:none\"><strong>O mne<\/strong><\/p>\n<\/div>\n\n\n\n<div style=\"height:1vw\" aria-hidden=\"true\" class=\"wp-block-spacer\"><\/div>\n\n\n\n<div class=\"wp-block-group alignwide is-vertical is-nowrap is-layout-flex wp-container-core-group-is-layout-7946b6b8 wp-block-group-is-layout-flex\" style=\"padding-top:0;padding-right:0;padding-bottom:0;padding-left:0\">\n<div class=\"wp-block-columns alignwide is-layout-flex wp-container-core-columns-is-layout-3e67d608 wp-block-columns-is-layout-flex\">\n<div class=\"wp-block-column is-layout-flow wp-block-column-is-layout-flow\" style=\"flex-basis:33.38%\">\n<p class=\"has-text-color\" style=\"color:#000000;font-size:17px\">Prin\u00e1\u0161am roky sk\u00fasenost\u00ed a odbornosti do ka\u017ed\u00e9ho projektu, \u010do sa odr\u00e1\u017ea v ka\u017edom detaile na\u0161ej pr\u00e1ce. Moj\u00edm cie\u013eom je premeni\u0165 va\u0161e stavebn\u00e9 sny na realitu s maxim\u00e1lnou prec\u00edznos\u0165ou, kvalitou a starostlivos\u0165ou o ka\u017ed\u00fd aspekt projektu. \u00daprimne povedan\u00e9, som nesmierne hrd\u00fd na svoje profesion\u00e1lne a spo\u013eahliv\u00e9 slu\u017eby, ktor\u00e9 opakovane vy\u010daria \u00fasmev na tv\u00e1ri aj t\u00fdm najn\u00e1ro\u010dnej\u0161\u00edm z\u00e1kazn\u00edkom. Ver\u00edm, \u017ee ka\u017ed\u00fd projekt je v\u00fdzvou a pr\u00edle\u017eitos\u0165ou na dok\u00e1zanie mojich schopnost\u00ed, a preto sa v\u017edy sna\u017e\u00edm prekro\u010di\u0165 o\u010dak\u00e1vania a prinies\u0165 v\u00fdsledky, ktor\u00e9 s\u00fa viac ne\u017e len uspokojiv\u00e9.<\/p>\n<\/div>\n\n\n\n<div class=\"wp-block-column is-layout-flow wp-block-column-is-layout-flow\" style=\"flex-basis:33%\">\n<div style=\"height:2vw\" aria-hidden=\"true\" class=\"wp-block-spacer\"><\/div>\n\n\n\n<figure class=\"wp-block-image size-full is-resized has-custom-border\"><img fetchpriority=\"high\" decoding=\"async\" width=\"720\" height=\"960\" src=\"https:\/\/www.stavbarpeter.sk\/wp-content\/uploads\/2026\/01\/473346297_122219941220187104_3849543748634336799_n.jpg\" alt=\"\" class=\"wp-image-431\" style=\"border-top-left-radius:12px;border-top-right-radius:12px;border-bottom-left-radius:12px;border-bottom-right-radius:12px;aspect-ratio:0.7500213074235064;width:371px;height:auto\" srcset=\"https:\/\/www.stavbarpeter.sk\/wp-content\/uploads\/2026\/01\/473346297_122219941220187104_3849543748634336799_n.jpg 720w, https:\/\/www.stavbarpeter.sk\/wp-content\/uploads\/2026\/01\/473346297_122219941220187104_3849543748634336799_n-225x300.jpg 225w, https:\/\/www.stavbarpeter.sk\/wp-content\/uploads\/2026\/01\/473346297_122219941220187104_3849543748634336799_n-600x800.jpg 600w\" sizes=\"(max-width: 720px) 100vw, 720px\" \/><\/figure>\n<\/div>\n\n\n\n<div class=\"wp-block-column is-layout-flow wp-block-column-is-layout-flow\" style=\"flex-basis:33.62%\">\n<figure class=\"wp-block-image size-large has-custom-border\"><img decoding=\"async\" width=\"1024\" height=\"461\" src=\"https:\/\/www.stavbarpeter.sk\/wp-content\/uploads\/2026\/01\/20241230_175207-1024x461.jpg\" alt=\"\" class=\"wp-image-446\" style=\"border-top-left-radius:12px;border-top-right-radius:12px;border-bottom-left-radius:12px;border-bottom-right-radius:12px\" srcset=\"https:\/\/www.stavbarpeter.sk\/wp-content\/uploads\/2026\/01\/20241230_175207-1024x461.jpg 1024w, https:\/\/www.stavbarpeter.sk\/wp-content\/uploads\/2026\/01\/20241230_175207-300x135.jpg 300w, https:\/\/www.stavbarpeter.sk\/wp-content\/uploads\/2026\/01\/20241230_175207-768x345.jpg 768w, https:\/\/www.stavbarpeter.sk\/wp-content\/uploads\/2026\/01\/20241230_175207-1536x691.jpg 1536w, https:\/\/www.stavbarpeter.sk\/wp-content\/uploads\/2026\/01\/20241230_175207-2048x921.jpg 2048w, https:\/\/www.stavbarpeter.sk\/wp-content\/uploads\/2026\/01\/20241230_175207-600x270.jpg 600w\" sizes=\"(max-width: 1024px) 100vw, 1024px\" \/><\/figure>\n<\/div>\n<\/div>\n\n\n\n<div class=\"wp-block-columns alignwide is-layout-flex wp-container-core-columns-is-layout-fcc4977c wp-block-columns-is-layout-flex\">\n<div class=\"wp-block-column is-layout-flow wp-block-column-is-layout-flow\" style=\"flex-basis:69%\">\n<figure class=\"wp-block-image size-full is-resized\"><img decoding=\"async\" width=\"718\" height=\"960\" src=\"https:\/\/www.stavbarpeter.sk\/wp-content\/uploads\/2026\/01\/473682625_122219941448187104_608134271580175772_n.jpg\" alt=\"\" class=\"wp-image-432\" style=\"width:521px;height:auto\" srcset=\"https:\/\/www.stavbarpeter.sk\/wp-content\/uploads\/2026\/01\/473682625_122219941448187104_608134271580175772_n.jpg 718w, https:\/\/www.stavbarpeter.sk\/wp-content\/uploads\/2026\/01\/473682625_122219941448187104_608134271580175772_n-224x300.jpg 224w, https:\/\/www.stavbarpeter.sk\/wp-content\/uploads\/2026\/01\/473682625_122219941448187104_608134271580175772_n-600x802.jpg 600w\" sizes=\"(max-width: 718px) 100vw, 718px\" \/><\/figure>\n<\/div>\n\n\n\n<div class=\"wp-block-column is-vertically-aligned-center is-layout-flow wp-block-column-is-layout-flow\" style=\"flex-basis:33%\">\n<div style=\"height:2vw\" aria-hidden=\"true\" class=\"wp-block-spacer\"><\/div>\n\n\n\n<p class=\"has-text-color\" style=\"color:#000000;font-size:17px\">Ka\u017ed\u00fd \u00faspe\u0161ne dokon\u010den\u00fd projekt je pre m\u0148a \u010fal\u0161\u00edm d\u00f4kazom, \u017ee kvalitn\u00e1 pr\u00e1ca a spokojnos\u0165 z\u00e1kazn\u00edkov id\u00fa ruka v ruke. Preto sa zameriavam na prec\u00edzne prevedenie, d\u00f4sledn\u00fa komunik\u00e1ciu a zodpovedn\u00fd pr\u00edstup, aby som v\u00e1m priniesol stavby, na ktor\u00e9 m\u00f4\u017eete by\u0165 hrd\u00ed rovnako ako ja.<\/p>\n<\/div>\n<\/div>\n<\/div>\n<\/div>\n","protected":false},"excerpt":{"rendered":"<p>O mne Prin\u00e1\u0161am roky sk\u00fasenost\u00ed a odbornosti do ka\u017ed\u00e9ho projektu, \u010do sa odr\u00e1\u017ea v ka\u017edom [&hellip;]<\/p>\n","protected":false},"author":1,"featured_media":0,"parent":0,"menu_order":0,"comment_status":"closed","ping_status":"closed","template":"","meta":{"om_disable_all_campaigns":false,"_monsterinsights_skip_tracking":false,"_monsterinsights_sitenote_active":false,"_monsterinsights_sitenote_note":"","_monsterinsights_sitenote_category":0,"footnotes":""},"class_list":["post-33","page","type-page","status-publish","hentry"],"aioseo_notices":[],"featured_image_src":null,"_links":{"self":[{"href":"https:\/\/www.stavbarpeter.sk\/index.php?rest_route=\/wp\/v2\/pages\/33","targetHints":{"allow":["GET"]}}],"collection":[{"href":"https:\/\/www.stavbarpeter.sk\/index.php?rest_route=\/wp\/v2\/pages"}],"about":[{"href":"https:\/\/www.stavbarpeter.sk\/index.php?rest_route=\/wp\/v2\/types\/page"}],"author":[{"embeddable":true,"href":"https:\/\/www.stavbarpeter.sk\/index.php?rest_route=\/wp\/v2\/users\/1"}],"replies":[{"embeddable":true,"href":"https:\/\/www.stavbarpeter.sk\/index.php?rest_route=%2Fwp%2Fv2%2Fcomments&post=33"}],"version-history":[{"count":2,"href":"https:\/\/www.stavbarpeter.sk\/index.php?rest_route=\/wp\/v2\/pages\/33\/revisions"}],"predecessor-version":[{"id":455,"href":"https:\/\/www.stavbarpeter.sk\/index.php?rest_route=\/wp\/v2\/pages\/33\/revisions\/455"}],"wp:attachment":[{"href":"https:\/\/www.stavbarpeter.sk\/index.php?rest_route=%2Fwp%2Fv2%2Fmedia&parent=33"}],"curies":[{"name":"wp","href":"https:\/\/api.w.org\/{rel}","templated":true}]}}